common divisor of 25 and 17725?
25
Calculate the highest common factor of 1185 and 45.
15
What is the highest common factor of 20 and 640?
20
What is the highest common factor of 1443 and 741?
39
What is the greatest common divisor of 2717 and 572?
143
Calculate the highest common divisor of 6808 and 24.
8
What is the highest common divisor of 1449 and 9?
9
What is the highest common divisor of 30 and 330?
30
What is the greatest common divisor of 140 and 14420?
140
Calculate the highest common divisor of 11 and 11033.
11
Calculate the greatest common factor of 232 and 87.
29
What is the greatest common factor of 13376 and 152?
152
What is the greatest common divisor of 3589 and 111?
37
What is the highest common divisor of 54 and 2556?
18
Calculate the highest common divisor of 106 and 159.
53
Calculate the greatest common factor of 48 and 248.
8
What is the highest common divisor of 1133 and 22?
11
What is the highest common factor of 70 and 15855?
35
What is the greatest common factor of 639 and 27?
9
Calculate the greatest common divisor of 143 and 234.
13
What is the highest common factor of 2 and 26?
2
Calculate the greatest common factor of 13116 and 6.
6
Calculate the highest common divisor of 74 and 370.
74
What is the highest common divisor of 1214 and 2?
2
Calculate the greatest common factor of 153 and 9027.
153
Calculate the highest common factor of 192 and 12.
12
What is the highest common factor of 38 and 2033?
19
Calculate the highest common divisor of 76 and 76.
76
Calculate the highest common factor of 115 and 414.
23
Calculate the highest common divisor of 126 and 567.
63
Calculate the greatest common factor of 25 and 100.
25
Calculate the highest common factor of 325 and 130.
65
What is the greatest common divisor of 196 and 98?
98
Calculate the highest common divisor of 46 and 6.
2
What is the greatest common divisor of 70 and 224?
14
What is the greatest common divisor of 3634 and 23?
23
What is the highest common factor of 464 and 74472?
232
What is the highest common factor of 84 and 24?
12
Calculate the highest common divisor of 1166 and 264.
22
What is the highest common divisor of 48 and 60?
12
What is the highest common factor of 1890 and 798?
42
Calculate the highest common divisor of 1199 and 121.
11
What is the highest common factor of 20 and 2900?
20
What is the greatest common factor of 1024 and 160?
32
Calculate the highest common divisor of 23437 and 23.
23
What is the greatest common factor of 1140 and 525?
15
Calculate the highest common divisor of 8075 and 95.
95
What is the highest common divisor of 4 and 412?
4
What is the greatest common divisor of 72 and 1152?
72
What is the highest common factor of 3114 and 36?
18
Calculate the greatest common factor of 1278 and 36.
18
Calculate the greatest common divisor of 168 and 696.
24
Calculate the greatest common divisor of 329 and 217.
7
What is the greatest common factor of 406 and 174?
58
Calculate the greatest common factor of 55 and 1705.
55
Calculate the greatest common factor of 2055 and 137.
137
What is the highest common divisor of 406 and 182?
14
Calculate the highest common factor of 10 and 290.
10
Calculate the greatest common divisor of 115 and 253.
23
Calculate the highest common divisor of 477 and 6519.
159
What is the highest common factor of 880 and 2000?
80
Calculate the highest common divisor of 216 and 16.
8
What is the highest common factor of 17 and 85?
17
What is the greatest common factor of 8 and 11464?
8
What is the highest common factor of 1218 and 546?
42
What is the highest common divisor of 50 and 1450?
50
What is the highest common factor of 1288 and 21574?
322
Calculate the highest common factor of 63 and 54.
9
What is the highest common divisor of 56 and 128?
8
What is the greatest common divisor of 222 and 629?
37
Calculate the highest common factor of 10 and 1090.
10
What is the highest common divisor of 130 and 585?
65
What is the highest common factor of 136 and 32?
8
What is the highest common factor of 8 and 784?
8
What is the greatest common factor of 40 and 128?
8
What is the greatest common divisor of 380 and 323?
19
What is the highest common divisor of 217 and 18011?
217
What is the greatest common divisor of 261 and 696?
87
Calculate the greatest common factor of 1539 and 76.
19
Calculate the highest common factor of 12 and 5732.
4
Calculate the highest common factor of 108 and 960.
12
Calculate the greatest common factor of 1406 and 38.
38
What is the highest common divisor of 190 and 38?
38
Calculate the highest common factor of 16 and 116.
4
What is the highest common factor of 539 and 196?
49
Calculate the greatest common factor of 10302 and 102.
102
Calculate the greatest common divisor of 704 and 44.
44
Calculate the highest common divisor of 36 and 48.
12
Calculate the greatest common divisor of 9 and 4653.
9
Calculate the greatest common factor of 112 and 77.
7
What is the highest common factor of 12800 and 200?
200
What is the greatest common divisor of 36 and 252?
36
Calculate the highest common divisor of 80 and 60.
20
Calculate the greatest common divisor of 48 and 468.
12
What is the greatest common divisor of 57 and 627?
57
What is the greatest common divisor of 34136 and 680?
136
What is the highest common divisor of 90 and 1170?
90
Calculate the greatest common factor of 2 and 242.
2
Calculate the highest common factor of 870 and 3190.
290
What is the greatest common divisor of 91 and 14?
7
What is the highest common divisor of 3 and 8?
1
Calculate the highest common divisor of 22 and 138.
2
What is the highest common factor of 7760 and 40?
40
What is the highest common factor of 728 and 312?
104
Calculate the highest common divisor of 800 and 608.
32
What is the highest common factor of 1507 and 11?
11
What is the highest common divisor of 702 and 3618?
54
What is the greatest common divisor of 2214 and 36?
18
Calculate the greatest common factor of 301 and 2021.
43
Calculate the highest common divisor of 704 and 11.
11
Calculate the greatest common factor of 448 and 256.
64
What is the highest common divisor of 74 and 24938?
74
Calculate the highest common divisor of 6417 and 552.
69
Calculate the greatest common divisor of 702 and 104.
26
What is the greatest common divisor of 138 and 1035?
69
Calculate the greatest common factor of 48 and 384.
48
What is the highest common factor of 108 and 8046?
54
Calculate the greatest common divisor of 76 and 5738.
38
Calculate the highest common factor of 72 and 60.
12
What is the highest common divisor of 72 and 9?
9
Calculate the greatest common divisor of 21 and 15.
3
What is the greatest common factor of 1833 and 39?
39
Calculate the greatest common divisor of 1110 and 999.
111
What is the highest common factor of 21 and 133?
7
Calculate the greatest common divisor of 174 and 12.
6
Calculate the greatest common divisor of 96 and 5048.
8
Calculate the highest common factor of 3 and 89.
1
Calculate the greatest common divisor of 18 and 10.
2
What is the highest common divisor of 924 and 22?
22
Calculate the greatest common divisor of 48 and 312.
24
Calculate the highest common divisor of 212 and 477.
53
What is the greatest common factor of 20538 and 630?
126
Calculate the highest common divisor of 34 and 85.
17
Calculate the greatest common factor of 23289 and 14.
7
Calculate the highest common factor of 306 and 714.
102
Calculate the greatest common factor of 32 and 2792.
8
What is the highest common divisor of 21051 and 9?
9
Calculate the greatest common factor of 217 and 31.
31
What is the greatest common divisor of 78 and 1378?
26
Calculate the highest common factor of 39216 and 96.
48
Calculate the highest common divisor of 20 and 1140.
20
What is the greatest common divisor of 721 and 4017?
103
What is the greatest common factor of 8 and 500?
4
What is the highest common factor of 53 and 371?
53
Calculate the greatest common divisor of 41 and 4879.
41
What is the highest common factor of 87 and 319?
29
What is the greatest common factor of 510 and 2010?
30
Calculate the greatest common divisor of 33 and 1056.
33
Calculate the highest common factor of 96 and 336.
48
Calculate the greatest common divisor of 478 and 26.
2
What is the highest commo